and 3673845?
963
What is the greatest common factor of 101686 and 79586?
26
What is the greatest common factor of 4250 and 129500500?
250
What is the greatest common divisor of 2475 and 324837975?
825
Calculate the greatest common divisor of 135212 and 2234071.
3073
Calculate the highest common divisor of 980 and 1657964.
196
Calculate the greatest common factor of 29040 and 12160.
80
Calculate the highest common factor of 134467 and 692592.
47
What is the highest common factor of 215 and 9818147?
43
Calculate the greatest common factor of 8400 and 6799380.
420
Calculate the greatest common divisor of 300045 and 60839.
83
What is the highest common divisor of 32234 and 187866?
142
What is the highest common factor of 1040696 and 2152?
8
What is the greatest common divisor of 5121 and 7867563?
1707
What is the highest common divisor of 2485594601 and 217?
217
What is the greatest common factor of 61241 and 10424?
1303
Calculate the highest common factor of 573699 and 695831.
1607
Calculate the greatest common divisor of 261993 and 36682817.
3797
Calculate the greatest common divisor of 164820239 and 466.
233
What is the greatest common divisor of 5400 and 3555800?
200
What is the highest common factor of 378330 and 6990?
30
What is the greatest common divisor of 41415 and 4235?
55
What is the greatest common factor of 11388654 and 44?
2
Calculate the highest common divisor of 932834 and 1472.
46
What is the greatest common factor of 2265984 and 4648?
56
Calculate the greatest common factor of 6663659 and 73.
73
Calculate the highest common factor of 155245860 and 2024.
1012
Calculate the greatest common divisor of 6056345 and 74.
37
What is the greatest common divisor of 397277 and 31691?
43
What is the greatest common divisor of 225 and 19302750?
225
What is the highest common divisor of 2225 and 614901?
89
What is the highest common factor of 1218 and 29510922?
1218
Calculate the highest common divisor of 1952 and 107414656.
1952
Calculate the highest common factor of 393 and 743114923.
131
Calculate the highest common factor of 329312 and 6597392.
656
Calculate the highest common factor of 12060 and 41771820.
4020
Calculate the greatest common divisor of 15 and 8003577.
3
What is the greatest common divisor of 11982705 and 685?
685
Calculate the greatest common divisor of 20419537 and 89.
89
What is the highest common divisor of 17781759 and 18?
9
Calculate the highest common divisor of 1448 and 310136.
8
Calculate the greatest common factor of 3226703 and 32947.
701
Calculate the highest common factor of 59498 and 527521.
419
Calculate the greatest common factor of 46598065 and 10305.
1145
What is the highest common divisor of 40963863 and 153?
51
What is the highest common divisor of 66 and 6412494?
66
What is the greatest common factor of 5159000 and 204484?
1876
What is the greatest common factor of 18 and 47575287?
9
What is the greatest common divisor of 60 and 3408552?
12
Calculate the greatest common factor of 63 and 269694.
9
Calculate the highest common divisor of 5373759 and 61218.
537
Calculate the greatest common factor of 351 and 1799499.
39
Calculate the highest common divisor of 11216275 and 40775.
175
What is the greatest common factor of 14728 and 2454316?
1052
What is the greatest common divisor of 1227230 and 1445?
85
What is the greatest common factor of 3360 and 545513640?
840
Calculate the greatest common divisor of 3 and 1934664.
3
What is the highest common divisor of 7308 and 3096?
36
Calculate the highest common factor of 16463195 and 4515.
1505
Calculate the greatest common divisor of 241524 and 11844.
36
Calculate the highest common factor of 11000 and 6627800.
200
What is the highest common divisor of 1264 and 1344826480?
1264
Calculate the greatest common divisor of 31426 and 38000.
38
What is the highest common factor of 85 and 35166336?
17
What is the greatest common divisor of 3832160 and 989?
43
Calculate the greatest common factor of 116900 and 604100.
700
What is the highest common factor of 3991332 and 552?
12
What is the highest common divisor of 15476 and 2739835?
53
Calculate the greatest common divisor of 1935 and 48066690.
645
Calculate the greatest common divisor of 200889 and 73528.
1313
What is the greatest common divisor of 2231485 and 43335?
535
Calculate the greatest common divisor of 3456797 and 578.
17
What is the greatest common divisor of 31 and 446550257?
31
What is the greatest common factor of 8 and 68421400?
8
Calculate the greatest common divisor of 3483705 and 5420.
1355
What is the highest common factor of 6 and 422964?
6
What is the highest common divisor of 460627 and 25?
1
What is the highest common factor of 770 and 59570?
70
Calculate the greatest common factor of 28 and 928478054.
14
Calculate the greatest common factor of 272 and 92912.
16
What is the greatest common factor of 12507787 and 173507?
899
Calculate the highest common divisor of 1199174592 and 66.
66
What is the highest common divisor of 10857432 and 2208?
24
What is the highest common divisor of 2087 and 45719909?
2087
What is the highest common divisor of 252458190 and 315?
45
What is the highest common factor of 365 and 80463593?
73
Calculate the highest common divisor of 75639549 and 381.
381
Calculate the greatest common factor of 201112 and 77303.
23
Calculate the highest common factor of 772150 and 1750.
50
Calculate the highest common factor of 7711 and 271612.
11
Calculate the greatest common factor of 13005 and 714510.
765
Calculate the greatest common factor of 143838125 and 1250.
625
Calculate the greatest common factor of 48517737 and 318.
159
What is the highest common factor of 18769112 and 2144?
536
Calculate the highest common factor of 85494325 and 175.
175
Calculate the highest common factor of 2262 and 8897694.
78
Calculate the greatest common factor of 1084665 and 1379105.
2165
Calculate the greatest common factor of 4011 and 317739387.
4011
Calculate the highest common factor of 13844416 and 96.
32
Calculate the greatest common factor of 2684 and 10053593.
671
What is the greatest common factor of 3984452146 and 17?
17
Calculate the greatest common divisor of 9970 and 24700675.
4985
Calculate the greatest common divisor of 37440 and 153465.
195
What is the highest common divisor of 7578 and 207666?
18
What is the greatest common factor of 2016894079 and 1259?
1259
What is the highest common divisor of 1801886 and 21808?
2726
Calculate the greatest common factor of 2263965 and 6765.
165
Calculate the highest common factor of 2105460 and 56.
28
Calculate the highest common factor of 552573 and 28461.
537
What is the greatest common divisor of 14040 and 371358?
702
What is the greatest common factor of 49813 and 535147?
457
What is the highest common factor of 4189 and 858319?
71
Calculate the highest common divisor of 74 and 63394209.
37
What is the greatest common factor of 2300 and 15180460?
460
What is the highest common divisor of 1307398 and 18039?
859
Calculate the greatest common divisor of 25890527 and 542.
271
Calculate the greatest common factor of 10045767 and 124.
31
What is the highest common factor of 581 and 106940935?
83
Calculate the greatest common divisor of 45101517 and 242433.
8979
Calculate the highest common factor of 320517258 and 4314.
4314
What is the greatest common factor of 109 and 2596271?
109
What is the greatest common divisor of 2553390 and 2160?
270
Calculate the highest common factor of 19436 and 97068243.
4859
What is the greatest common factor of 3888 and 31757280?
48
Calculate the greatest common factor of 4758 and 11377842.
366
What is the greatest common factor of 24 and 34526984?
8
Calculate the highest common factor of 113664 and 22496.
1184
Calculate the greatest common divisor of 197131702 and 5036.
2518
What is the greatest common factor of 162 and 7244190?
18
What is the highest common factor of 83584 and 1105529?
653
What is the highest common factor of 735 and 1907178?
147
Calculate the highest common factor of 298 and 9963481.
149
Calculate the greatest common factor of 513 and 54702387.
171
Calculate the highest common divisor of 810246 and 30.
6
Calculate the highest common factor of 2355 and 478115868.
471
Calculate the highest common fac